{"id":1221,"date":"2019-05-23T06:40:52","date_gmt":"2019-05-23T04:40:52","guid":{"rendered":"http:\/\/epidaure.org\/WordPress3\/?page_id=1221"},"modified":"2025-11-03T16:58:01","modified_gmt":"2025-11-03T15:58:01","slug":"dr-sophie-scheffer","status":"publish","type":"page","link":"https:\/\/epidaure.org\/WordPress3\/dr-sophie-scheffer\/","title":{"rendered":"Dr Sophie Scheffer &#8211; M\u00e9decin hom\u00e9opathe"},"content":{"rendered":"\t\t<div data-elementor-type=\"wp-post\" data-elementor-id=\"1221\" class=\"elementor elementor-1221\" data-elementor-settings=\"[]\">\n\t\t\t\t\t\t<div class=\"elementor-inner\">\n\t\t\t\t\t\t\t<div class=\"elementor-section-wrap\">\n\t\t\t\t\t\t\t<section class=\"elementor-section elementor-top-section elementor-element elementor-element-7527b0c elementor-section-boxed elementor-section-height-default elementor-section-height-default\" data-id=\"7527b0c\" data-element_type=\"section\">\n\t\t\t\t\t\t<div class=\"elementor-container elementor-column-gap-default\">\n\t\t\t\t\t\t\t<div class=\"elementor-row\">\n\t\t\t\t\t<div class=\"elementor-column elementor-col-100 elementor-top-column elementor-element elementor-element-24ab310\" data-id=\"24ab310\" data-element_type=\"column\">\n\t\t\t<div class=\"elementor-column-wrap elementor-element-populated\">\n\t\t\t\t\t\t\t<div class=\"elementor-widget-wrap\">\n\t\t\t\t\t\t<div class=\"elementor-element elementor-element-8da7cbb elementor-widget elementor-widget-heading\" data-id=\"8da7cbb\" data-element_type=\"widget\" data-widget_type=\"heading.default\">\n\t\t\t\t<div class=\"elementor-widget-container\">\n\t\t\t<h2 class=\"elementor-heading-title elementor-size-large\">M\u00e9decine hom\u00e9opathique \u2013 Phytoth\u00e9rapie \u2013 Nutrition\u200b<\/h2>\t\t<\/div>\n\t\t\t\t<\/div>\n\t\t\t\t\t\t<\/div>\n\t\t\t\t\t<\/div>\n\t\t<\/div>\n\t\t\t\t\t\t\t\t<\/div>\n\t\t\t\t\t<\/div>\n\t\t<\/section>\n\t\t\t\t<section class=\"elementor-section elementor-top-section elementor-element elementor-element-779a63e elementor-section-boxed elementor-section-height-default elementor-section-height-default\" data-id=\"779a63e\" data-element_type=\"section\">\n\t\t\t\t\t\t<div class=\"elementor-container elementor-column-gap-default\">\n\t\t\t\t\t\t\t<div class=\"elementor-row\">\n\t\t\t\t\t<div class=\"elementor-column elementor-col-100 elementor-top-column elementor-element elementor-element-b168681\" data-id=\"b168681\" data-element_type=\"column\">\n\t\t\t<div class=\"elementor-column-wrap elementor-element-populated\">\n\t\t\t\t\t\t\t<div class=\"elementor-widget-wrap\">\n\t\t\t\t\t\t<div class=\"elementor-element elementor-element-e71a4c4 elementor-widget elementor-widget-spacer\" data-id=\"e71a4c4\" data-element_type=\"widget\" data-widget_type=\"spacer.default\">\n\t\t\t\t<div class=\"elementor-widget-container\">\n\t\t\t\t\t<div class=\"elementor-spacer\">\n\t\t\t<div class=\"elementor-spacer-inner\"><\/div>\n\t\t<\/div>\n\t\t\t\t<\/div>\n\t\t\t\t<\/div>\n\t\t\t\t\t\t<\/div>\n\t\t\t\t\t<\/div>\n\t\t<\/div>\n\t\t\t\t\t\t\t\t<\/div>\n\t\t\t\t\t<\/div>\n\t\t<\/section>\n\t\t\t\t<section class=\"elementor-section elementor-top-section elementor-element elementor-element-41be7d6 elementor-section-boxed elementor-section-height-default elementor-section-height-default\" data-id=\"41be7d6\" data-element_type=\"section\">\n\t\t\t\t\t\t<div class=\"elementor-container elementor-column-gap-default\">\n\t\t\t\t\t\t\t<div class=\"elementor-row\">\n\t\t\t\t\t<div class=\"elementor-column elementor-col-33 elementor-top-column elementor-element elementor-element-c062055\" data-id=\"c062055\" data-element_type=\"column\">\n\t\t\t<div class=\"elementor-column-wrap elementor-element-populated\">\n\t\t\t\t\t\t\t<div class=\"elementor-widget-wrap\">\n\t\t\t\t\t\t<div class=\"elementor-element elementor-element-1c3137e elementor-widget elementor-widget-image\" data-id=\"1c3137e\" data-element_type=\"widget\" data-widget_type=\"image.default\">\n\t\t\t\t<div class=\"elementor-widget-container\">\n\t\t\t\t\t<div class=\"elementor-image\">\n\t\t\t\t\t\t\t\t\t\t<img width=\"259\" height=\"300\" src=\"https:\/\/epidaure.org\/WordPress3\/wp-content\/uploads\/2025\/11\/IMG_0421-259x300.jpeg\" class=\"attachment-medium size-medium\" alt=\"dr Scheffer homeopathe\" loading=\"lazy\" srcset=\"https:\/\/epidaure.org\/WordPress3\/wp-content\/uploads\/2025\/11\/IMG_0421-259x300.jpeg 259w, https:\/\/epidaure.org\/WordPress3\/wp-content\/uploads\/2025\/11\/IMG_0421-884x1024.jpeg 884w, https:\/\/epidaure.org\/WordPress3\/wp-content\/uploads\/2025\/11\/IMG_0421-768x889.jpeg 768w, https:\/\/epidaure.org\/WordPress3\/wp-content\/uploads\/2025\/11\/IMG_0421-1326x1536.jpeg 1326w, https:\/\/epidaure.org\/WordPress3\/wp-content\/uploads\/2025\/11\/IMG_0421.jpeg 1499w\" sizes=\"(max-width: 259px) 100vw, 259px\" \/>\t\t\t\t\t\t\t\t\t\t\t<\/div>\n\t\t\t\t<\/div>\n\t\t\t\t<\/div>\n\t\t\t\t\t\t<\/div>\n\t\t\t\t\t<\/div>\n\t\t<\/div>\n\t\t\t\t<div class=\"elementor-column elementor-col-66 elementor-top-column elementor-element elementor-element-50f77fb\" data-id=\"50f77fb\" data-element_type=\"column\">\n\t\t\t<div class=\"elementor-column-wrap elementor-element-populated\">\n\t\t\t\t\t\t\t<div class=\"elementor-widget-wrap\">\n\t\t\t\t\t\t<div class=\"elementor-element elementor-element-7cc936c elementor-widget elementor-widget-text-editor\" data-id=\"7cc936c\" data-element_type=\"widget\" data-widget_type=\"text-editor.default\">\n\t\t\t\t<div class=\"elementor-widget-container\">\n\t\t\t\t\t<div class=\"elementor-text-editor elementor-clearfix\"><h3><span style=\"font-kerning: none;\">En utilisant, les approches compl\u00e9mentaires que sont l\u2019hom\u00e9opathie, la phytoth\u00e9rapie, la micronutrition et la nutrition, \u00e0 mes connaissances m\u00e9dicales, je tente d\u2019apporter des solutions aux probl\u00e8mes de sant\u00e9 chroniques ou r\u00e9currents, qui se d\u00e9veloppent au sein de notre environnement pollu\u00e9 et stress\u00e9.\u00a0<\/span><\/h3><h3><span style=\"font-kerning: none;\">Ma d\u00e9marche s\u2019inscrit dans une m\u00e9decine int\u00e9grative, d\u00e9j\u00e0 avec l&rsquo;\u00e9quipe multidisciplinaire que nous formons au centre Epidaure, mais aussi avec des m\u00e9decins sp\u00e9cialistes et des centres de m\u00e9decine int\u00e9grative de diff\u00e9rents pays.<\/span><\/h3><p style=\"margin-bottom: 0px; font-stretch: normal; font-size: 18px; line-height: normal; font-family: Arial; color: #1a1a1a;\"><span style=\"font-kerning: none;\">\u00a0<\/span><\/p><p>T\u00e9l: \u00a0<span style=\"caret-color: #e20298; color: #e20298;\">0478 44 48 82<\/span><\/p><p style=\"caret-color: #e20298; color: #e20298;\">\u00a0<\/p><\/div>\n\t\t\t\t<\/div>\n\t\t\t\t<\/div>\n\t\t\t\t\t\t<\/div>\n\t\t\t\t\t<\/div>\n\t\t<\/div>\n\t\t\t\t\t\t\t\t<\/div>\n\t\t\t\t\t<\/div>\n\t\t<\/section>\n\t\t\t\t\t\t<\/div>\n\t\t\t\t\t\t<\/div>\n\t\t\t\t\t<\/div>\n\t\t","protected":false},"excerpt":{"rendered":"<p>M\u00e9decine hom\u00e9opathique \u2013 Phytoth\u00e9rapie \u2013 Nutrition\u200b En utilisant, les approches compl\u00e9mentaires que sont l\u2019hom\u00e9opathie, la phytoth\u00e9rapie, la micronutrition et la nutrition, \u00e0 mes connaissances m\u00e9dicales, je tente d\u2019apporter des solutions aux probl\u00e8mes de sant\u00e9 chroniques ou r\u00e9currents, qui se d\u00e9veloppent au sein de notre environnement pollu\u00e9 et stress\u00e9.\u00a0 Ma d\u00e9marche s\u2019inscrit dans une m\u00e9decine int\u00e9grative, &#8230; <a title=\"Dr Sophie Scheffer &#8211; M\u00e9decin hom\u00e9opathe\" class=\"read-more\" href=\"https:\/\/epidaure.org\/WordPress3\/dr-sophie-scheffer\/\">Read more<\/a><\/p>\n","protected":false},"author":1,"featured_media":0,"parent":0,"menu_order":0,"comment_status":"closed","ping_status":"closed","template":"","meta":[],"yoast_head":"<!-- This site is optimized with the Yoast SEO plugin v17.3 - https:\/\/yoast.com\/wordpress\/plugins\/seo\/ -->\n<title>M\u00e9decin hom\u00e9opathe Brabant Wallon: Dr Sophie Scheffer - EPIDAURE<\/title>\n<meta name=\"description\" content=\"Dr Sophie Scheffer pratique en tant que m\u00e9decin hom\u00e9opathe \u00e0 Wavre et propose une approche m\u00ealant hom\u00e9opathie, phytoth\u00e9rapie et nutrition.\" \/>\n<meta name=\"robots\" content=\"index, follow, max-snippet:-1, max-image-preview:large, max-video-preview:-1\" \/>\n<link rel=\"canonical\" href=\"https:\/\/epidaure.org\/WordPress3\/dr-sophie-scheffer\/\" \/>\n<meta property=\"og:locale\" content=\"fr_FR\" \/>\n<meta property=\"og:type\" content=\"article\" \/>\n<meta property=\"og:title\" content=\"M\u00e9decin hom\u00e9opathe Brabant Wallon: Dr Sophie Scheffer - EPIDAURE\" \/>\n<meta property=\"og:description\" content=\"Dr Sophie Scheffer pratique en tant que m\u00e9decin hom\u00e9opathe \u00e0 Wavre et propose une approche m\u00ealant hom\u00e9opathie, phytoth\u00e9rapie et nutrition.\" \/>\n<meta property=\"og:url\" content=\"https:\/\/epidaure.org\/WordPress3\/dr-sophie-scheffer\/\" \/>\n<meta property=\"og:site_name\" content=\"EPIDAURE\" \/>\n<meta property=\"article:modified_time\" content=\"2025-11-03T15:58:01+00:00\" \/>\n<meta property=\"og:image\" content=\"https:\/\/epidaure.org\/WordPress3\/wp-content\/uploads\/2025\/11\/IMG_0421-259x300.jpeg\" \/>\n<meta name=\"twitter:card\" content=\"summary_large_image\" \/>\n<meta name=\"twitter:label1\" content=\"Dur\u00e9e de lecture estim\u00e9e\" \/>\n\t<meta name=\"twitter:data1\" content=\"1 minute\" \/>\n<script type=\"application\/ld+json\" class=\"yoast-schema-graph\">{\"@context\":\"https:\/\/schema.org\",\"@graph\":[{\"@type\":\"WebSite\",\"@id\":\"https:\/\/epidaure.org\/WordPress3\/#website\",\"url\":\"https:\/\/epidaure.org\/WordPress3\/\",\"name\":\"EPIDAURE\",\"description\":\"Centre de M\\u00e9decine Int\\u00e9grative\",\"potentialAction\":[{\"@type\":\"SearchAction\",\"target\":{\"@type\":\"EntryPoint\",\"urlTemplate\":\"https:\/\/epidaure.org\/WordPress3\/?s={search_term_string}\"},\"query-input\":\"required name=search_term_string\"}],\"inLanguage\":\"fr-FR\"},{\"@type\":\"ImageObject\",\"@id\":\"https:\/\/epidaure.org\/WordPress3\/dr-sophie-scheffer\/#primaryimage\",\"inLanguage\":\"fr-FR\",\"url\":\"https:\/\/epidaure.org\/WordPress3\/wp-content\/uploads\/2025\/11\/IMG_0421.jpeg\",\"contentUrl\":\"https:\/\/epidaure.org\/WordPress3\/wp-content\/uploads\/2025\/11\/IMG_0421.jpeg\",\"width\":1499,\"height\":1736,\"caption\":\"dr Scheffer homeopathe\"},{\"@type\":\"WebPage\",\"@id\":\"https:\/\/epidaure.org\/WordPress3\/dr-sophie-scheffer\/#webpage\",\"url\":\"https:\/\/epidaure.org\/WordPress3\/dr-sophie-scheffer\/\",\"name\":\"M\\u00e9decin hom\\u00e9opathe Brabant Wallon: Dr Sophie Scheffer - EPIDAURE\",\"isPartOf\":{\"@id\":\"https:\/\/epidaure.org\/WordPress3\/#website\"},\"primaryImageOfPage\":{\"@id\":\"https:\/\/epidaure.org\/WordPress3\/dr-sophie-scheffer\/#primaryimage\"},\"datePublished\":\"2019-05-23T04:40:52+00:00\",\"dateModified\":\"2025-11-03T15:58:01+00:00\",\"description\":\"Dr Sophie Scheffer pratique en tant que m\\u00e9decin hom\\u00e9opathe \\u00e0 Wavre et propose une approche m\\u00ealant hom\\u00e9opathie, phytoth\\u00e9rapie et nutrition.\",\"breadcrumb\":{\"@id\":\"https:\/\/epidaure.org\/WordPress3\/dr-sophie-scheffer\/#breadcrumb\"},\"inLanguage\":\"fr-FR\",\"potentialAction\":[{\"@type\":\"ReadAction\",\"target\":[\"https:\/\/epidaure.org\/WordPress3\/dr-sophie-scheffer\/\"]}]},{\"@type\":\"BreadcrumbList\",\"@id\":\"https:\/\/epidaure.org\/WordPress3\/dr-sophie-scheffer\/#breadcrumb\",\"itemListElement\":[{\"@type\":\"ListItem\",\"position\":1,\"name\":\"Accueil\",\"item\":\"https:\/\/epidaure.org\/WordPress3\/\"},{\"@type\":\"ListItem\",\"position\":2,\"name\":\"Dr Sophie Scheffer &#8211; M\\u00e9decin hom\\u00e9opathe\"}]}]}<\/script>\n<!-- \/ Yoast SEO plugin. -->","yoast_head_json":{"title":"M\u00e9decin hom\u00e9opathe Brabant Wallon: Dr Sophie Scheffer - EPIDAURE","description":"Dr Sophie Scheffer pratique en tant que m\u00e9decin hom\u00e9opathe \u00e0 Wavre et propose une approche m\u00ealant hom\u00e9opathie, phytoth\u00e9rapie et nutrition.","robots":{"index":"index","follow":"follow","max-snippet":"max-snippet:-1","max-image-preview":"max-image-preview:large","max-video-preview":"max-video-preview:-1"},"canonical":"https:\/\/epidaure.org\/WordPress3\/dr-sophie-scheffer\/","og_locale":"fr_FR","og_type":"article","og_title":"M\u00e9decin hom\u00e9opathe Brabant Wallon: Dr Sophie Scheffer - EPIDAURE","og_description":"Dr Sophie Scheffer pratique en tant que m\u00e9decin hom\u00e9opathe \u00e0 Wavre et propose une approche m\u00ealant hom\u00e9opathie, phytoth\u00e9rapie et nutrition.","og_url":"https:\/\/epidaure.org\/WordPress3\/dr-sophie-scheffer\/","og_site_name":"EPIDAURE","article_modified_time":"2025-11-03T15:58:01+00:00","og_image":[{"url":"https:\/\/epidaure.org\/WordPress3\/wp-content\/uploads\/2025\/11\/IMG_0421-259x300.jpeg"}],"twitter_card":"summary_large_image","twitter_misc":{"Dur\u00e9e de lecture estim\u00e9e":"1 minute"},"schema":{"@context":"https:\/\/schema.org","@graph":[{"@type":"WebSite","@id":"https:\/\/epidaure.org\/WordPress3\/#website","url":"https:\/\/epidaure.org\/WordPress3\/","name":"EPIDAURE","description":"Centre de M\u00e9decine Int\u00e9grative","potentialAction":[{"@type":"SearchAction","target":{"@type":"EntryPoint","urlTemplate":"https:\/\/epidaure.org\/WordPress3\/?s={search_term_string}"},"query-input":"required name=search_term_string"}],"inLanguage":"fr-FR"},{"@type":"ImageObject","@id":"https:\/\/epidaure.org\/WordPress3\/dr-sophie-scheffer\/#primaryimage","inLanguage":"fr-FR","url":"https:\/\/epidaure.org\/WordPress3\/wp-content\/uploads\/2025\/11\/IMG_0421.jpeg","contentUrl":"https:\/\/epidaure.org\/WordPress3\/wp-content\/uploads\/2025\/11\/IMG_0421.jpeg","width":1499,"height":1736,"caption":"dr Scheffer homeopathe"},{"@type":"WebPage","@id":"https:\/\/epidaure.org\/WordPress3\/dr-sophie-scheffer\/#webpage","url":"https:\/\/epidaure.org\/WordPress3\/dr-sophie-scheffer\/","name":"M\u00e9decin hom\u00e9opathe Brabant Wallon: Dr Sophie Scheffer - EPIDAURE","isPartOf":{"@id":"https:\/\/epidaure.org\/WordPress3\/#website"},"primaryImageOfPage":{"@id":"https:\/\/epidaure.org\/WordPress3\/dr-sophie-scheffer\/#primaryimage"},"datePublished":"2019-05-23T04:40:52+00:00","dateModified":"2025-11-03T15:58:01+00:00","description":"Dr Sophie Scheffer pratique en tant que m\u00e9decin hom\u00e9opathe \u00e0 Wavre et propose une approche m\u00ealant hom\u00e9opathie, phytoth\u00e9rapie et nutrition.","breadcrumb":{"@id":"https:\/\/epidaure.org\/WordPress3\/dr-sophie-scheffer\/#breadcrumb"},"inLanguage":"fr-FR","potentialAction":[{"@type":"ReadAction","target":["https:\/\/epidaure.org\/WordPress3\/dr-sophie-scheffer\/"]}]},{"@type":"BreadcrumbList","@id":"https:\/\/epidaure.org\/WordPress3\/dr-sophie-scheffer\/#breadcrumb","itemListElement":[{"@type":"ListItem","position":1,"name":"Accueil","item":"https:\/\/epidaure.org\/WordPress3\/"},{"@type":"ListItem","position":2,"name":"Dr Sophie Scheffer &#8211; M\u00e9decin hom\u00e9opathe"}]}]}},"_links":{"self":[{"href":"https:\/\/epidaure.org\/WordPress3\/wp-json\/wp\/v2\/pages\/1221"}],"collection":[{"href":"https:\/\/epidaure.org\/WordPress3\/wp-json\/wp\/v2\/pages"}],"about":[{"href":"https:\/\/epidaure.org\/WordPress3\/wp-json\/wp\/v2\/types\/page"}],"author":[{"embeddable":true,"href":"https:\/\/epidaure.org\/WordPress3\/wp-json\/wp\/v2\/users\/1"}],"replies":[{"embeddable":true,"href":"https:\/\/epidaure.org\/WordPress3\/wp-json\/wp\/v2\/comments?post=1221"}],"version-history":[{"count":30,"href":"https:\/\/epidaure.org\/WordPress3\/wp-json\/wp\/v2\/pages\/1221\/revisions"}],"predecessor-version":[{"id":3505,"href":"https:\/\/epidaure.org\/WordPress3\/wp-json\/wp\/v2\/pages\/1221\/revisions\/3505"}],"wp:attachment":[{"href":"https:\/\/epidaure.org\/WordPress3\/wp-json\/wp\/v2\/media?parent=1221"}],"curies":[{"name":"wp","href":"https:\/\/api.w.org\/{rel}","templated":true}]}}