{"id":1957,"date":"2020-10-24T17:17:16","date_gmt":"2020-10-24T15:17:16","guid":{"rendered":"http:\/\/epidaure.org\/WordPress3\/?page_id=1957"},"modified":"2022-10-12T21:43:50","modified_gmt":"2022-10-12T19:43:50","slug":"nos-approches","status":"publish","type":"page","link":"https:\/\/epidaure.org\/WordPress3\/nos-approches\/","title":{"rendered":"Th\u00e8mes de sant\u00e9 en m\u00e9decine int\u00e9grative"},"content":{"rendered":"\t\t<div data-elementor-type=\"wp-page\" data-elementor-id=\"1957\" class=\"elementor elementor-1957\" data-elementor-settings=\"[]\">\n\t\t\t\t\t\t<div class=\"elementor-inner\">\n\t\t\t\t\t\t\t<div class=\"elementor-section-wrap\">\n\t\t\t\t\t\t\t<section class=\"elementor-section elementor-top-section elementor-element elementor-element-32b4555 elementor-section-boxed elementor-section-height-default elementor-section-height-default\" data-id=\"32b4555\" data-element_type=\"section\">\n\t\t\t\t\t\t<div class=\"elementor-container elementor-column-gap-default\">\n\t\t\t\t\t\t\t<div class=\"elementor-row\">\n\t\t\t\t\t<div class=\"elementor-column elementor-col-33 elementor-top-column elementor-element elementor-element-f3af966\" data-id=\"f3af966\" data-element_type=\"column\">\n\t\t\t<div class=\"elementor-column-wrap elementor-element-populated\">\n\t\t\t\t\t\t\t<div class=\"elementor-widget-wrap\">\n\t\t\t\t\t\t<div class=\"elementor-element elementor-element-e2d5479 elementor-widget elementor-widget-image\" data-id=\"e2d5479\" data-element_type=\"widget\" data-widget_type=\"image.default\">\n\t\t\t\t<div class=\"elementor-widget-container\">\n\t\t\t\t\t<div class=\"elementor-image\">\n\t\t\t\t\t\t\t\t\t\t\t<a href=\"https:\/\/epidaure.org\/WordPress3\/fibromyalgie-traitement\/\">\n\t\t\t\t\t\t\t<img src=\"https:\/\/epidaure.org\/WordPress3\/wp-content\/uploads\/elementor\/thumbs\/la-fibromyalgie-traitement-scaled-p3arwuzqymvyxc425k22ejjjvq2g043vzth32qzz5k.jpg\" title=\"fibromyalgie-traitement\" alt=\"fibromialgie traitement\" \/>\t\t\t\t\t\t\t\t<\/a>\n\t\t\t\t\t\t\t\t\t\t\t<\/div>\n\t\t\t\t<\/div>\n\t\t\t\t<\/div>\n\t\t\t\t<div class=\"elementor-element elementor-element-952647c elementor-button-info elementor-align-center elementor-widget elementor-widget-button\" data-id=\"952647c\" data-element_type=\"widget\" data-widget_type=\"button.default\">\n\t\t\t\t<div class=\"elementor-widget-container\">\n\t\t\t\t\t<div class=\"elementor-button-wrapper\">\n\t\t\t<a href=\"https:\/\/epidaure.org\/WordPress3\/fibromyalgie-traitement\/\" class=\"elementor-button-link elementor-button elementor-size-xs\" role=\"button\">\n\t\t\t\t\t\t<span class=\"elementor-button-content-wrapper\">\n\t\t\t\t\t\t<span class=\"elementor-button-text\">Fibromyalgie<\/span>\n\t\t<\/span>\n\t\t\t\t\t<\/a>\n\t\t<\/div>\n\t\t\t\t<\/div>\n\t\t\t\t<\/div>\n\t\t\t\t\t\t<\/div>\n\t\t\t\t\t<\/div>\n\t\t<\/div>\n\t\t\t\t<div class=\"elementor-column elementor-col-33 elementor-top-column elementor-element elementor-element-792facd\" data-id=\"792facd\" data-element_type=\"column\">\n\t\t\t<div class=\"elementor-column-wrap elementor-element-populated\">\n\t\t\t\t\t\t\t<div class=\"elementor-widget-wrap\">\n\t\t\t\t\t\t<div class=\"elementor-element elementor-element-31e3c3c elementor-widget elementor-widget-image\" data-id=\"31e3c3c\" data-element_type=\"widget\" data-widget_type=\"image.default\">\n\t\t\t\t<div class=\"elementor-widget-container\">\n\t\t\t\t\t<div class=\"elementor-image\">\n\t\t\t\t\t\t\t\t\t\t\t<a href=\"https:\/\/epidaure.org\/WordPress3\/le-stress\/\">\n\t\t\t\t\t\t\t<img src=\"https:\/\/epidaure.org\/WordPress3\/wp-content\/uploads\/elementor\/thumbs\/le-stress-1-p3av88hux6axeipp35od2f2ztdolka0oeo517u00xk.jpg\" title=\"le-stress\" alt=\"le stress\" \/>\t\t\t\t\t\t\t\t<\/a>\n\t\t\t\t\t\t\t\t\t\t\t<\/div>\n\t\t\t\t<\/div>\n\t\t\t\t<\/div>\n\t\t\t\t<div class=\"elementor-element elementor-element-277910d elementor-button-info elementor-align-center elementor-widget elementor-widget-button\" data-id=\"277910d\" data-element_type=\"widget\" data-widget_type=\"button.default\">\n\t\t\t\t<div class=\"elementor-widget-container\">\n\t\t\t\t\t<div class=\"elementor-button-wrapper\">\n\t\t\t<a href=\"http:\/\/epidaure.org\/WordPress3\/le-stress\/\" class=\"elementor-button-link elementor-button elementor-size-xs\" role=\"button\">\n\t\t\t\t\t\t<span class=\"elementor-button-content-wrapper\">\n\t\t\t\t\t\t<span class=\"elementor-button-text\">Stress<\/span>\n\t\t<\/span>\n\t\t\t\t\t<\/a>\n\t\t<\/div>\n\t\t\t\t<\/div>\n\t\t\t\t<\/div>\n\t\t\t\t\t\t<\/div>\n\t\t\t\t\t<\/div>\n\t\t<\/div>\n\t\t\t\t<div class=\"elementor-column elementor-col-33 elementor-top-column elementor-element elementor-element-e3b0e24\" data-id=\"e3b0e24\" data-element_type=\"column\">\n\t\t\t<div class=\"elementor-column-wrap elementor-element-populated\">\n\t\t\t\t\t\t\t<div class=\"elementor-widget-wrap\">\n\t\t\t\t\t\t<div class=\"elementor-element elementor-element-d394985 elementor-widget elementor-widget-image\" data-id=\"d394985\" data-element_type=\"widget\" data-widget_type=\"image.default\">\n\t\t\t\t<div class=\"elementor-widget-container\">\n\t\t\t\t\t<div class=\"elementor-image\">\n\t\t\t\t\t\t\t\t\t\t\t<a href=\"https:\/\/epidaure.org\/WordPress3\/acouphenes-traitements\/\">\n\t\t\t\t\t\t\t<img src=\"https:\/\/epidaure.org\/WordPress3\/wp-content\/uploads\/elementor\/thumbs\/acouphene-traitement-p3zb544f1jk8loa3d5uv0da924dpvc13wnucg4dku0.png\" title=\"acouphene-traitement\" alt=\"acouphenes traitements\" \/>\t\t\t\t\t\t\t\t<\/a>\n\t\t\t\t\t\t\t\t\t\t\t<\/div>\n\t\t\t\t<\/div>\n\t\t\t\t<\/div>\n\t\t\t\t<div class=\"elementor-element elementor-element-712c8ec elementor-button-info elementor-align-center elementor-widget elementor-widget-button\" data-id=\"712c8ec\" data-element_type=\"widget\" data-widget_type=\"button.default\">\n\t\t\t\t<div class=\"elementor-widget-container\">\n\t\t\t\t\t<div class=\"elementor-button-wrapper\">\n\t\t\t<a href=\"https:\/\/epidaure.org\/WordPress3\/acouphenes-traitements\/\" class=\"elementor-button-link elementor-button elementor-size-sm\" role=\"button\">\n\t\t\t\t\t\t<span class=\"elementor-button-content-wrapper\">\n\t\t\t\t\t\t<span class=\"elementor-button-text\">Acouph\u00e8nes<\/span>\n\t\t<\/span>\n\t\t\t\t\t<\/a>\n\t\t<\/div>\n\t\t\t\t<\/div>\n\t\t\t\t<\/div>\n\t\t\t\t\t\t<\/div>\n\t\t\t\t\t<\/div>\n\t\t<\/div>\n\t\t\t\t\t\t\t\t<\/div>\n\t\t\t\t\t<\/div>\n\t\t<\/section>\n\t\t\t\t\t\t<\/div>\n\t\t\t\t\t\t<\/div>\n\t\t\t\t\t<\/div>\n\t\t","protected":false},"excerpt":{"rendered":"<p>Fibromyalgie Stress Acouph\u00e8nes<\/p>\n","protected":false},"author":1,"featured_media":0,"parent":0,"menu_order":0,"comment_status":"closed","ping_status":"closed","template":"","meta":[],"yoast_head":"<!-- This site is optimized with the Yoast SEO plugin v17.3 - https:\/\/yoast.com\/wordpress\/plugins\/seo\/ -->\n<title>Th\u00e8mes de sant\u00e9 en m\u00e9decine int\u00e9grative - Centre Epidaure<\/title>\n<meta name=\"description\" content=\"D\u00e9couvrez les approches et diff\u00e9rents th\u00e8mes de sant\u00e9 abord\u00e9s par l&#039;\u00e9quipe de m\u00e9decins et th\u00e9rapeutes d&#039;Epidaure.\" \/>\n<meta name=\"robots\" content=\"index, follow, max-snippet:-1, max-image-preview:large, max-video-preview:-1\" \/>\n<link rel=\"canonical\" href=\"https:\/\/epidaure.org\/WordPress3\/nos-approches\/\" \/>\n<meta property=\"og:locale\" content=\"fr_FR\" \/>\n<meta property=\"og:type\" content=\"article\" \/>\n<meta property=\"og:title\" content=\"Th\u00e8mes de sant\u00e9 en m\u00e9decine int\u00e9grative - Centre Epidaure\" \/>\n<meta property=\"og:description\" content=\"D\u00e9couvrez les approches et diff\u00e9rents th\u00e8mes de sant\u00e9 abord\u00e9s par l&#039;\u00e9quipe de m\u00e9decins et th\u00e9rapeutes d&#039;Epidaure.\" \/>\n<meta property=\"og:url\" content=\"https:\/\/epidaure.org\/WordPress3\/nos-approches\/\" \/>\n<meta property=\"og:site_name\" content=\"EPIDAURE\" \/>\n<meta property=\"article:modified_time\" content=\"2022-10-12T19:43:50+00:00\" \/>\n<meta property=\"og:image\" content=\"https:\/\/epidaure.org\/WordPress3\/wp-content\/uploads\/elementor\/thumbs\/la-fibromyalgie-traitement-scaled-p3arwuzqymvyxc425k22ejjjvq2g043vzth32qzz5k.jpg\" \/>\n<meta name=\"twitter:card\" content=\"summary_large_image\" \/>\n<meta name=\"twitter:label1\" content=\"Dur\u00e9e de lecture estim\u00e9e\" \/>\n\t<meta name=\"twitter:data1\" content=\"1 minute\" \/>\n<script type=\"application\/ld+json\" class=\"yoast-schema-graph\">{\"@context\":\"https:\/\/schema.org\",\"@graph\":[{\"@type\":\"WebSite\",\"@id\":\"https:\/\/epidaure.org\/WordPress3\/#website\",\"url\":\"https:\/\/epidaure.org\/WordPress3\/\",\"name\":\"EPIDAURE\",\"description\":\"Centre de M\\u00e9decine Int\\u00e9grative\",\"potentialAction\":[{\"@type\":\"SearchAction\",\"target\":{\"@type\":\"EntryPoint\",\"urlTemplate\":\"https:\/\/epidaure.org\/WordPress3\/?s={search_term_string}\"},\"query-input\":\"required name=search_term_string\"}],\"inLanguage\":\"fr-FR\"},{\"@type\":\"ImageObject\",\"@id\":\"https:\/\/epidaure.org\/WordPress3\/nos-approches\/#primaryimage\",\"inLanguage\":\"fr-FR\",\"url\":\"https:\/\/epidaure.org\/WordPress3\/wp-content\/uploads\/elementor\/thumbs\/la-fibromyalgie-traitement-scaled-p3arwuzqymvyxc425k22ejjjvq2g043vzth32qzz5k.jpg\",\"contentUrl\":\"https:\/\/epidaure.org\/WordPress3\/wp-content\/uploads\/elementor\/thumbs\/la-fibromyalgie-traitement-scaled-p3arwuzqymvyxc425k22ejjjvq2g043vzth32qzz5k.jpg\"},{\"@type\":\"WebPage\",\"@id\":\"https:\/\/epidaure.org\/WordPress3\/nos-approches\/#webpage\",\"url\":\"https:\/\/epidaure.org\/WordPress3\/nos-approches\/\",\"name\":\"Th\\u00e8mes de sant\\u00e9 en m\\u00e9decine int\\u00e9grative - Centre Epidaure\",\"isPartOf\":{\"@id\":\"https:\/\/epidaure.org\/WordPress3\/#website\"},\"primaryImageOfPage\":{\"@id\":\"https:\/\/epidaure.org\/WordPress3\/nos-approches\/#primaryimage\"},\"datePublished\":\"2020-10-24T15:17:16+00:00\",\"dateModified\":\"2022-10-12T19:43:50+00:00\",\"description\":\"D\\u00e9couvrez les approches et diff\\u00e9rents th\\u00e8mes de sant\\u00e9 abord\\u00e9s par l'\\u00e9quipe de m\\u00e9decins et th\\u00e9rapeutes d'Epidaure.\",\"breadcrumb\":{\"@id\":\"https:\/\/epidaure.org\/WordPress3\/nos-approches\/#breadcrumb\"},\"inLanguage\":\"fr-FR\",\"potentialAction\":[{\"@type\":\"ReadAction\",\"target\":[\"https:\/\/epidaure.org\/WordPress3\/nos-approches\/\"]}]},{\"@type\":\"BreadcrumbList\",\"@id\":\"https:\/\/epidaure.org\/WordPress3\/nos-approches\/#breadcrumb\",\"itemListElement\":[{\"@type\":\"ListItem\",\"position\":1,\"name\":\"Accueil\",\"item\":\"https:\/\/epidaure.org\/WordPress3\/\"},{\"@type\":\"ListItem\",\"position\":2,\"name\":\"Th\\u00e8mes de sant\\u00e9 en m\\u00e9decine int\\u00e9grative\"}]}]}<\/script>\n<!-- \/ Yoast SEO plugin. -->","yoast_head_json":{"title":"Th\u00e8mes de sant\u00e9 en m\u00e9decine int\u00e9grative - Centre Epidaure","description":"D\u00e9couvrez les approches et diff\u00e9rents th\u00e8mes de sant\u00e9 abord\u00e9s par l'\u00e9quipe de m\u00e9decins et th\u00e9rapeutes d'Epidaure.","robots":{"index":"index","follow":"follow","max-snippet":"max-snippet:-1","max-image-preview":"max-image-preview:large","max-video-preview":"max-video-preview:-1"},"canonical":"https:\/\/epidaure.org\/WordPress3\/nos-approches\/","og_locale":"fr_FR","og_type":"article","og_title":"Th\u00e8mes de sant\u00e9 en m\u00e9decine int\u00e9grative - Centre Epidaure","og_description":"D\u00e9couvrez les approches et diff\u00e9rents th\u00e8mes de sant\u00e9 abord\u00e9s par l'\u00e9quipe de m\u00e9decins et th\u00e9rapeutes d'Epidaure.","og_url":"https:\/\/epidaure.org\/WordPress3\/nos-approches\/","og_site_name":"EPIDAURE","article_modified_time":"2022-10-12T19:43:50+00:00","og_image":[{"url":"https:\/\/epidaure.org\/WordPress3\/wp-content\/uploads\/elementor\/thumbs\/la-fibromyalgie-traitement-scaled-p3arwuzqymvyxc425k22ejjjvq2g043vzth32qzz5k.jpg"}],"twitter_card":"summary_large_image","twitter_misc":{"Dur\u00e9e de lecture estim\u00e9e":"1 minute"},"schema":{"@context":"https:\/\/schema.org","@graph":[{"@type":"WebSite","@id":"https:\/\/epidaure.org\/WordPress3\/#website","url":"https:\/\/epidaure.org\/WordPress3\/","name":"EPIDAURE","description":"Centre de M\u00e9decine Int\u00e9grative","potentialAction":[{"@type":"SearchAction","target":{"@type":"EntryPoint","urlTemplate":"https:\/\/epidaure.org\/WordPress3\/?s={search_term_string}"},"query-input":"required name=search_term_string"}],"inLanguage":"fr-FR"},{"@type":"ImageObject","@id":"https:\/\/epidaure.org\/WordPress3\/nos-approches\/#primaryimage","inLanguage":"fr-FR","url":"https:\/\/epidaure.org\/WordPress3\/wp-content\/uploads\/elementor\/thumbs\/la-fibromyalgie-traitement-scaled-p3arwuzqymvyxc425k22ejjjvq2g043vzth32qzz5k.jpg","contentUrl":"https:\/\/epidaure.org\/WordPress3\/wp-content\/uploads\/elementor\/thumbs\/la-fibromyalgie-traitement-scaled-p3arwuzqymvyxc425k22ejjjvq2g043vzth32qzz5k.jpg"},{"@type":"WebPage","@id":"https:\/\/epidaure.org\/WordPress3\/nos-approches\/#webpage","url":"https:\/\/epidaure.org\/WordPress3\/nos-approches\/","name":"Th\u00e8mes de sant\u00e9 en m\u00e9decine int\u00e9grative - Centre Epidaure","isPartOf":{"@id":"https:\/\/epidaure.org\/WordPress3\/#website"},"primaryImageOfPage":{"@id":"https:\/\/epidaure.org\/WordPress3\/nos-approches\/#primaryimage"},"datePublished":"2020-10-24T15:17:16+00:00","dateModified":"2022-10-12T19:43:50+00:00","description":"D\u00e9couvrez les approches et diff\u00e9rents th\u00e8mes de sant\u00e9 abord\u00e9s par l'\u00e9quipe de m\u00e9decins et th\u00e9rapeutes d'Epidaure.","breadcrumb":{"@id":"https:\/\/epidaure.org\/WordPress3\/nos-approches\/#breadcrumb"},"inLanguage":"fr-FR","potentialAction":[{"@type":"ReadAction","target":["https:\/\/epidaure.org\/WordPress3\/nos-approches\/"]}]},{"@type":"BreadcrumbList","@id":"https:\/\/epidaure.org\/WordPress3\/nos-approches\/#breadcrumb","itemListElement":[{"@type":"ListItem","position":1,"name":"Accueil","item":"https:\/\/epidaure.org\/WordPress3\/"},{"@type":"ListItem","position":2,"name":"Th\u00e8mes de sant\u00e9 en m\u00e9decine int\u00e9grative"}]}]}},"_links":{"self":[{"href":"https:\/\/epidaure.org\/WordPress3\/wp-json\/wp\/v2\/pages\/1957"}],"collection":[{"href":"https:\/\/epidaure.org\/WordPress3\/wp-json\/wp\/v2\/pages"}],"about":[{"href":"https:\/\/epidaure.org\/WordPress3\/wp-json\/wp\/v2\/types\/page"}],"author":[{"embeddable":true,"href":"https:\/\/epidaure.org\/WordPress3\/wp-json\/wp\/v2\/users\/1"}],"replies":[{"embeddable":true,"href":"https:\/\/epidaure.org\/WordPress3\/wp-json\/wp\/v2\/comments?post=1957"}],"version-history":[{"count":28,"href":"https:\/\/epidaure.org\/WordPress3\/wp-json\/wp\/v2\/pages\/1957\/revisions"}],"predecessor-version":[{"id":2666,"href":"https:\/\/epidaure.org\/WordPress3\/wp-json\/wp\/v2\/pages\/1957\/revisions\/2666"}],"wp:attachment":[{"href":"https:\/\/epidaure.org\/WordPress3\/wp-json\/wp\/v2\/media?parent=1957"}],"curies":[{"name":"wp","href":"https:\/\/api.w.org\/{rel}","templated":true}]}}